er when 355 is divided by 18.
13
Calculate the remainder when 381 is divided by 16.
13
Calculate the remainder when 527 is divided by 133.
128
Calculate the remainder when 153 is divided by 4.
1
What is the remainder when 1475 is divided by 149?
134
What is the remainder when 459 is divided by 67?
57
Calculate the remainder when 968 is divided by 108.
104
What is the remainder when 203 is divided by 23?
19
Calculate the remainder when 218 is divided by 76.
66
Calculate the remainder when 67 is divided by 57.
10
What is the remainder when 1038 is divided by 174?
168
Calculate the remainder when 289 is divided by 10.
9
What is the remainder when 2925 is divided by 24?
21
Calculate the remainder when 804 is divided by 172.
116
What is the remainder when 59 is divided by 9?
5
Calculate the remainder when 4913 is divided by 24.
17
What is the remainder when 458 is divided by 138?
44
Calculate the remainder when 613 is divided by 203.
4
Calculate the remainder when 3062 is divided by 21.
17
What is the remainder when 199 is divided by 92?
15
Calculate the remainder when 1312 is divided by 27.
16
What is the remainder when 3260 is divided by 464?
12
What is the remainder when 381 is divided by 48?
45
What is the remainder when 54 is divided by 14?
12
What is the remainder when 6 is divided by 2?
0
Calculate the remainder when 138 is divided by 10.
8
Calculate the remainder when 2346 is divided by 53.
14
What is the remainder when 44 is divided by 22?
0
Calculate the remainder when 2462 is divided by 11.
9
What is the remainder when 105 is divided by 47?
11
What is the remainder when 1066 is divided by 97?
96
What is the remainder when 624 is divided by 128?
112
What is the remainder when 3442 is divided by 132?
10
What is the remainder when 259 is divided by 83?
10
Calculate the remainder when 364 is divided by 88.
12
Calculate the remainder when 957 is divided by 408.
141
Calculate the remainder when 849 is divided by 363.
123
Calculate the remainder when 199 is divided by 50.
49
Calculate the remainder when 1337 is divided by 150.
137
Calculate the remainder when 3255 is divided by 86.
73
What is the remainder when 398 is divided by 50?
48
Calculate the remainder when 6408 is divided by 2133.
9
What is the remainder when 396 is divided by 131?
3
Calculate the remainder when 575 is divided by 96.
95
What is the remainder when 128 is divided by 124?
4
What is the remainder when 168 is divided by 88?
80
What is the remainder when 19173 is divided by 59?
57
What is the remainder when 5497 is divided by 17?
6
What is the remainder when 779 is divided by 348?
83
What is the remainder when 746 is divided by 186?
2
Calculate the remainder when 33 is divided by 26.
7
Calculate the remainder when 208 is divided by 14.
12
Calculate the remainder when 1408 is divided by 702.
4
Calculate the remainder when 14589 is divided by 48.
45
What is the remainder when 371 is divided by 37?
1
What is the remainder when 80 is divided by 35?
10
Calculate the remainder when 695 is divided by 41.
39
Calculate the remainder when 81 is divided by 45.
36
What is the remainder when 223 is divided by 45?
43
Calculate the remainder when 692 is divided by 20.
12
Calculate the remainder when 873 is divided by 88.
81
What is the remainder when 543 is divided by 39?
36
What is the remainder when 1006 is divided by 7?
5
What is the remainder when 18518 is divided by 18?
14
Calculate the remainder when 85 is divided by 32.
21
Calculate the remainder when 43 is divided by 25.
18
What is the remainder when 7306 is divided by 12?
10
Calculate the remainder when 80 is divided by 2.
0
What is the remainder when 336 is divided by 18?
12
What is the remainder when 898 is divided by 60?
58
Calculate the remainder when 2784 is divided by 84.
12
Calculate the remainder when 909 is divided by 302.
3
What is the remainder when 156 is divided by 45?
21
Calculate the remainder when 813 is divided by 48.
45
What is the remainder when 9613 is divided by 23?
22
What is the remainder when 668 is divided by 338?
330
Calculate the remainder when 79 is divided by 73.
6
What is the remainder when 441 is divided by 12?
9
Calculate the remainder when 8 is divided by 7.
1
Calculate the remainder when 634 is divided by 428.
206
What is the remainder when 801 is divided by 73?
71
Calculate the remainder when 2221 is divided by 1091.
39
What is the remainder when 1267 is divided by 156?
19
Calculate the remainder when 720 is divided by 118.
12
Calculate the remainder when 177 is divided by 92.
85
Calculate the remainder when 18 is divided by 1.
0
Calculate the remainder when 46 is divided by 12.
10
Calculate the remainder when 220 is divided by 213.
7
Calculate the remainder when 98 is divided by 33.
32
Calculate the remainder when 3715 is divided by 26.
23
What is the remainder when 344 is divided by 98?
50
What is the remainder when 29 is divided by 2?
1
Calculate the remainder when 4291 is divided by 36.
7
Calculate the remainder when 197 is divided by 193.
4
Calculate the remainder when 404 is divided by 24.
20
Calculate the remainder when 688 is divided by 10.
8
Calculate the remainder when 218 is divided by 45.
38
What is the remainder when 247 is divided by 66?
49
What is the remainder when 182 is divided by 32?
22
Calculate the remainder when 73 is divided by 51.
22
Calculate the remainder when 803 is divided by 22.
11
What is the remainder when 387 is divided by 210?
177
Calculate the remainder when 970 is divided by 243.
241
What is the remainder when 843 is divided by 417?
9
Calculate the remainder when 1249 is divided by 304.
33
What is the remainder when 979 is divided by 25?
4
Calculate the remainder when 10554 is divided by 23.
20
Calculate the remainder when 2076 is divided by 415.
1
Calculate the remainder when 426 is divided by 61.
60
What is the remainder when 204 is divided by 63?
15
What is the remainder when 25729 is divided by 26?
15
What is the remainder when 59 is divided by 30?
29
Calculate the remainder when 3190 is divided by 152.
150
Calculate the remainder when 2657 is divided by 70.
67
Calculate the remainder when 298 is divided by 293.
5
Calculate the remainder when 119 is divided by 60.
59
Calculate the remainder when 315 is divided by 141.
33
Calculate the remainder when 269 is divided by 6.
5
Calculate the remainder when 196 is divided by 41.
32
Calculate the remainder when 125 is divided by 36.
17
Calculate the remainder when 315 is divided by 18.
9
What is the remainder when 1042 is divided by 64?
18
What is the remainder when 984 is divided by 17?
15
What is the remainder when 782 is divided by 98?
96
What is the remainder when 363 is divided by 236?
127
What is the remainder when 1089 is divided by 52?
49
What is the remainder when 6727 is divided by 34?
29
What is the remainder when 883 is divided by 129?
109
What is the remainder when 171 is divided by 8?
3
Calculate the remainder when 386 is divided by 40.
26
Calculate the remainder when 165 is divided by 1.
0
Calculate the remainder when 195 is divided by 103.
92
What is the remainder when 627 is divided by 312?
3
Calculate the remainder when 422 is divided by 85.
82
Calculate the remainder when 793 is divided by 85.
28
Calculate the remainder when 3399 is divided by 10.
9
Calculate the remainder when 2528 is divided by 47.
37
Calculate the remainder when 326 is divided by 83.
77
What is the remainder when 76 is divided by 29?
18
Calculate the remainder when 114 is divided by 40.
34
Calculate the remainder when 803 is divided by 35.
33
Calculate the remainder when 4298 is divided by 1429.
11
Calculate the remainder when 3820 is divided by 58.
50
Calculate the remainder when 74 is divided by 25.
24
Calculate the remainder when 843 is divided by 47.
44
What is the remainder when 528 is divided by 77?
66
What is the remainder when 91 is divided by 24?
19
Calculate the remainder when 36 is divided by 23.
13
Calculate the remainder when 329 is divided by 101.
26
Calculate the remainder when 569 is divided by 13.
10
What is the remainder when 4083 is divided by 95?
93
Calculate the remainder when 1499 is divided by 1484.
15
Calculate the remainder when 908 is divided by 13.
11
What is the remainder when 1680 is divided by 